c - c = -h + 96. What is the tens digit of c?
1
Suppose 62*d - 26*d - 29448 = 0. What is the units digit of d?
8
Suppose 896*c - 891*c - 1355 = 0. What is the hundreds digit of c?
2
Let j be 207 + 0*1/(-3). Suppose 0 = -2*b + 6, 3*y - 4*b = -0*y + j. Suppose -3*l + 108 = -r, -3*l - 2*r + 181 = y. What is the tens digit of l?
3
What is the hundreds digit of 140452/38 - (16 - 2114/133)?
6
Let i(x) = -2*x**3 - 1 - x + 12*x**3 - x. Let t be i(-2). Let o = t + 115. What is the tens digit of o?
3
Suppose -2*r = -3*r + 34. Suppose 3*d + 2*m - 77 = m, -2*d - 5*m = -r. What is the units digit of d/((-12)/4)*-1?
9
Suppose 574 = 4*y - 2*y. Let m = y + -630. What is the units digit of m/(-28) - 2/8?
2
Suppose 5*z = -5*u + 1490, -5*u + z - 271 = -1737. Let q = u + -140. What is the tens digit of q?
5
Suppose 5*i - 5*c + 24 = i, -5*i - 4*c - 30 = 0. What is the units digit of (i - 27/(-6))*(-424)/6?
6
Let j(z) = -z**3 + 41*z**2 + 41*z + 157. What is the hundreds digit of j(42)?
1
Suppose -9 - 9 = -3*t. Suppose -t*a + 19 = -131. What is the tens digit of a?
2
Let d = 21 - 19. Suppose -d*n + 164 = -8. What is the tens digit of (4 + 14/(-4))*n?
4
Suppose 2*z - 1405 = -5*n, 843 = 4*n - n - z. Let l = 396 - n. What is the units digit of l?
5
Suppose 5*i - 3*i = -42. Let b = i - 8. Let d = b - -41. What is the units digit of d?
2
Let k be (2/(-5))/(1 - (-724)/(-720)). Let o = k + -57. What is the tens digit of o?
1
Let c(l) = -l**3 - 9*l**2 + 4*l + 21. Let n be c(-9). What is the tens digit of 122/(-3)*n/2?
0
Let i = -9 - -14. Suppose -o - 4*h + 2*h + 45 = 0, i*h - 250 = -5*o. What is the tens digit of o?
5
Suppose 2380 + 1260 = 10*i. What is the hundreds digit of i?
3
Let h(t) be the first derivative of 12*t**2 + 3*t - 14. What is the units digit of h(4)?
9
Suppose 1098 = 20*x - 1342. What is the hundreds digit of x?
1
Suppose 4619 = 5*p + 3*w, -3*p + 3*w + 3665 = 884. What is the units digit of p?
5
Suppose 8*m - 44 = 9*m. Let u = m - -80. What is the tens digit of u?
3
Let q be 3*(1 - (-2)/(-6)). Let z(o) = 7*o - 12*o - q + 10*o. What is the tens digit of z(7)?
3
Let d(x) = 2*x**3 - 48*x**2 - 79*x + 77. What is the hundreds digit of d(27)?
3
Suppose -5*y + 1903 = w + 336, 0 = 4*y - 4*w - 1244. What is the tens digit of y?
1
Suppose 1820 = -46*u + 42*u. Let j = 641 + u. What is the hundreds digit of j?
1
Suppose -2*x - 1 = -2*y + 3*y, -4*x = -5*y - 33. Suppose x*q = 5*q - 2*t - 55, -3*q + 83 = 5*t. What is the units digit of (-130)/(-14) + (-6)/q?
9
Suppose x - 12 = -2*d, 0*d - 15 = -3*d. Suppose -17 = -4*z + 3. Suppose -z*p + 57 = 4*m, -x*m - p + 25 = -2*p. What is the units digit of m?
3
Suppose 0 = -5*x + j + 701, -584 = 7*x - 11*x - 5*j. What is the units digit of x?
1
Let f(h) = -h**3 - 8*h**2 + 8*h + 1. Let d be f(-9). Suppose 61 = 3*c + d. What is the tens digit of c?
1
Let r be (-4)/(-10) + 246/(-15). Let i = 67 + r. What is the tens digit of i?
5
Let w = 1 + 3. Suppose -2*y + w*y = l + 30, 2*y - 2*l = 34. Let d = y + -8. What is the units digit of d?
5
Let g = 0 - -7. Suppose 4*c - 13 = g. Suppose 0 = -4*f + 3*o + 62, c*o - 4 = 6. What is the tens digit of f?
1
Let y = -79 + 89. Suppose 0 = -9*l + 1088 + y. What is the units digit of l?
2
What is the hundreds digit of -4 - (-93)/(-62)*1462/(-3)?
7
What is the hundreds digit of (-1 - 924)*(5 - 145/25)?
7
Let i be (-3 - 1198/(-6))*6. Suppose 0*f + 100 = -4*f. What is the units digit of 1/(-5) - i/f?
7
Let r = 220 + 2224. What is the tens digit of r?
4
Let u(o) be the third derivative of o**4/12 + 2*o**3/3 - o**2. Let s be u(0). What is the units digit of 1029/45 - s/(-30)?
3
Let y(i) = -i - 4. Let p be y(-6). Suppose -p*j + 98 = 2*z, 4*z - 221 = -3*j - 29. What is the units digit of z?
5
Suppose -i = 2*z - 2108, 2*z + 3*i - 1148 - 960 = 0. What is the units digit of z?
4
Let v = 502 + 1569. What is the tens digit of v?
7
What is the hundreds digit of (-9 + 49)*(-295)/(-20)?
5
Let t = 11 - 8. Let p(l) = 3*l - 6. Let q be p(t). What is the tens digit of -10*(q - (-11)/(-2))?
2
Suppose 4*j = 5*i - 23200, -13933 = -3*i - 23*j + 28*j. What is the tens digit of i?
3
Let b be (-11)/(55/(-6))*15. Let n(z) = -z + 22. Let s be n(b). Suppose -4*k + 160 = -k + 4*o, -4*k + 176 = -s*o. What is the units digit of k?
8
Let z(x) = -x**3 - 3*x**2 + 5*x + 2. Let o be z(-3). Let d be 1/(-4) + o/(-4). Suppose -d*a = -74 - 7. What is the tens digit of a?
2
Let r(g) = g**3 - 4*g**2 + 4*g - 4. Let a be r(4). Suppose -a = 3*k, 7*k - 2*k = -5*t - 15. What is the units digit of t?
1
Let v(i) = 64*i - 11. What is the units digit of v(7)?
7
Let s(t) = 18*t**2 + 7*t + 27. What is the hundreds digit of s(-5)?
4
Let t(k) = -4*k - 5*k**2 + 4*k**2 - 2*k + 9. Let f be t(-7). What is the tens digit of (-1)/f*(-134 - -4)?
6
Let o(z) = -z**2 + z - 17. Let c be o(0). Let q = c - -19. Suppose 0 = q*i + 3*i - 90. What is the units digit of i?
8
What is the tens digit of (261 - 3)*(108/8 + -4)?
5
Let v = -392 - -488. What is the tens digit of v?
9
Let u be 18*(34/(-3))/1. What is the units digit of (-8)/44 - u/33?
6
Let q = 10 - 4. Let h(u) = u**2 - 3*u - 6. Let t be h(q). Suppose 4*f = t, -5*b + 116 = -3*b - 2*f. What is the tens digit of b?
6
Suppose 19 = 5*t - 46. Let p = 2 + t. What is the tens digit of p?
1
Let p(o) = 35*o - 82. What is the tens digit of p(12)?
3
Suppose 7*r - 16 = 5*r. Let a be (-9)/4*(-160)/6. What is the units digit of 2/3*a/r?
5
Suppose 0 = 5*c - 2*c + 144. Let q = c + 94. What is the tens digit of q?
4
Let q = 1613 - 653. Suppose 4*u = -0*u - q. What is the units digit of u/50*(-10)/3?
6
Let g = 9 - 5. Suppose g*k + 241 = 1897. What is the tens digit of k/(-27)*6/(-4)?
2
Suppose 3*k - 800 = -0*f - f, -4*k + f = -1055. What is the hundreds digit of k?
2
Let a(f) = 38*f - 19. Let h be a(4). Let d = h + -59. What is the units digit of d?
4
What is the hundreds digit of 1 + -6 - (-3 + -301)?
2
Let g = -15 - -9. Let y be 6/(-4)*8/g. Suppose 0 = -y*p + 63 + 35. What is the units digit of p?
9
Let o(d) = -d**3 + 4*d + 34. What is the units digit of o(0)?
4
Let x(d) = 10*d**2 - d**3 + 7*d - 3*d**2 - 9 - 6. What is the units digit of x(6)?
3
Suppose -290 = 7*d + 424. Let s = -59 - d. What is the tens digit of s?
4
Suppose -5*h = -7*h + 776. What is the tens digit of h?
8
Suppose 0 = -0*b + 9*b + 27. Let h(m) = -34*m + 17. What is the hundreds digit of h(b)?
1
Let x(c) = c**3 - c**2 + 1. Let j(h) = -3*h**3 + 8*h**2 - h - 8. Let t(o) = j(o) + 2*x(o). Let p be (-1)/(2/(-4)) + 3. What is the tens digit of t(p)?
1
Let w(f) be the third derivative of -f**6/120 + f**5/6 - f**4/4 - 13*f**3/6 + 12*f**2. Suppose -2*q = -6*q + 36. What is the units digit of w(q)?
4
What is the units digit of ((-172)/10)/(55/(-275))?
6
Suppose 47 = -3*y + 14. Let m = 11 + y. Suppose m*l - 2*l + 26 = 0. What is the tens digit of l?
1
Let p(d) be the second derivative of 1/6*d**4 + 1/5*d**5 + 1/6*d**3 + 0 - 2*d - d**2. What is the units digit of p(2)?
0
Let r(y) = -y**3 - 3*y**2 - 5*y - 10. Let p be r(-3). Suppose -5*u - 2*m = -69, -5*m = -p*u + 14 + 76. What is the units digit of u?
5
Suppose -4*f = 5*r - 5937, 3*r - 1689 = -4*f + 4254. What is the thousands digit of f?
1
Let x(p) = 4*p**3 + 9*p**2 + p - 11. Let q be x(8). Let n = -4296 + q. What is the tens digit of n/(-45) - 8/36?
3
Suppose 5*d + 5 = 15. Suppose -x + 3*q = -6 - 4, 3*q = -d*x + 56. What is the units digit of x?
2
Let v(b) = 9*b - 2. Let n = -20 + 22. Let p be v(n). Suppose -p = -s - s. What is the units digit of s?
8
Suppose 2*s + 544 = 3*g + 4567, -5*g = 2*s - 4047. What is the tens digit of s?
1
Suppose -1940 = -0*l - 5*l. Suppose -5*d + 194 = 2*b - 0*d, -l = -4*b - 5*d. What is the tens digit of b?
9
Let r(u) = -u**2 + 3*u - 12. Let p be r(6). What is the units digit of -1 + (p/(-4))/(7/56)?
9
What is the tens digit of 7 + (-52419)/(-24) + (-23)/184?
9
Let d(z) = 5*z - 15. Suppose -5 = b - 10. Let r be d(b). Suppose r*n = 13*n - 117. What is the tens digit of n?
3
Suppose 5 = -5*r, 0 = j + 21*r - 16*r - 5173. What is the hundreds digit of j?
1
Suppose -3*z = 4*a - 19, -3*a = -0*a + 4*z - 16. Suppose 4*x - 14 = 2*t, 6*x - 11 = x - a*t. Suppose -28 = h - x*h. What is the tens digit of h?
1
Let l(m) = 11*m**2 + 0*m - 13 + 10*m + 0 - 4*m**2 - m**3. Let h be l(8). What is the units digi